 x and 832.
8
Let d be 78/(-54) + (-2310)/(-945). Suppose -2*r - 6 = r, -15 = -x + 3*r. Let o be (4/(-6))/((-6)/x). Calculate the greatest common factor of o and d.
1
Suppose -388 = -5*u - 3*o, u - 2*u + 3*o + 92 = 0. Let l = u + -15. Calculate the highest common divisor of l and 26.
13
Let i be ((-12)/(-5))/(-3)*(-5)/2. Suppose -2*n = 4*z + 2*n - 404, i*n = -4*z + 406. Suppose 3*p = z - 12. Calculate the highest common factor of p and 6.
6
Let c(y) = -24*y + 71. Let h be c(11). Let n = h + 198. Let p = 19 - -1. What is the highest common factor of n and p?
5
Suppose -4*f + 910 = -88*x + 90*x, 2*f = 3*x + 483. What is the greatest common divisor of f and 7238?
77
Let h(d) = 36*d - 4. Let r be h(3). Suppose 3*y - 103 = r. Suppose 2*n = 735*c - 737*c + 44, 20 = c + 3*n. Calculate the greatest common factor of y and c.
23
Let g = 191 - 189. Suppose -s - g*q = -1, 0 = -4*s - 4*q + 3 + 17. Calculate the highest common factor of 81 and s.
9
Suppose 187*x + 3059 + 5950 = 200*x. What is the highest common divisor of x and 44?
11
Suppose b + 2*s - 34 = 14, 4*b = 5*s + 140. Suppose 0 = 68*o + 37*o + 301 - 5341. What is the highest common divisor of b and o?
8
Let f be (-448)/(-12) - 2/(-3). Suppose -2*i + 3*p + 81 = i, 4*p - 99 = -5*i. Suppose i*w - 26*w = -285. What is the highest common factor of f and w?
19
Let f = 6800 - 2401. What is the highest common divisor of f and 83?
83
Suppose -3*p = -32 + 2. Suppose -g + p = 10. Suppose g = -6*l + 14 + 82. What is the greatest common factor of l and 24?
8
Let v be (2 - (-6)/(-2))/(23/(-115)) + 375. What is the highest common divisor of v and 2185?
95
Let x be 4464/(-31)*6/(-3). Let s = -104 - -140. Calculate the greatest common divisor of s and x.
36
Suppose 44*l = 59*l - 7290. Let z = l - 422. Let o(d) = -d**3 - 6*d**2 + 7*d + 8. Let h be o(-7). Calculate the greatest common divisor of h and z.
8
Let q = -6696 + 7946. Calculate the greatest common divisor of 40 and q.
10
Let c(r) = r**3 + 6*r**2 - 19*r + 42. Let q(t) = -7*t - 106. Let w be q(-16). Let g be c(w). What is the highest common divisor of g and 120?
120
Suppose -71 = -4*g + 25. Let s(t) = -2*t**3 + 71*t**2 + 44*t + 26. Let f be s(36). Let r = 320 - f. What is the highest common factor of g and r?
6
Suppose 0 = -4*c - 130 + 138. Suppose -c*d + 315 = 4*n - 3*d, d = -3. Let x = -142 - -155. What is the greatest common divisor of n and x?
13
Let h = 22286 - 22275. Let k be 339 - -1*(-4)/(-2). What is the highest common divisor of k and h?
11
Suppose 322*i - 294*i = 336. What is the highest common divisor of i and 1500?
12
Let w = 11049 + -10897. Let f(h) = -h**3 - 8*h**2 - 8*h + 9. Let o be f(-7). Calculate the highest common divisor of w and o.
8
Let g(o) = -o**3 - 10*o**2 - 10*o - 5. Let x be g(-9). Let t = -473 - -281. Let f = 194 + t. What is the greatest common divisor of x and f?
2
Let l(x) = -x**3 + 3*x**2 + 28*x + 8. Let q be l(-4). Suppose 2*o = o + 64. What is the greatest common divisor of o and q?
8
Let p = -1169 - -1182. Let a be (-2)/3 + (-14)/(-3). Suppose -26 = -5*k + a*k. What is the highest common factor of p and k?
13
Suppose -503*s = -486*s - 5049. Calculate the greatest common factor of 363 and s.
33
Let h = 55 - 39. Suppose -5*b = 2*g - 97, g - h = 5*g. What is the highest common divisor of 5 and b?
1
Suppose 2*n - 6*n + 21 = -3*t, 5*n - 3 = -4*t. Suppose 0 = 9*a - 3*a - 78. Calculate the highest common divisor of a and n.
1
Suppose 37*l - 16*l - 42 = 0. Suppose -2*a - 4*v = -8*v - 500, -3*v + 535 = l*a. What is the highest common divisor of 20 and a?
20
Let b(v) = 35*v**2 + 770*v + 5. Let p be b(-22). Calculate the highest common divisor of p and 65.
5
Suppose 10*c - 629 + 119 = 0. Let g(q) = 3*q**2 + 54*q + 99. Let a be g(-2). What is the greatest common divisor of a and c?
3
Let a = -162 - -78. Suppose -8*r + 248 = -6*r. Let u = a + r. Calculate the greatest common divisor of 30 and u.
10
Suppose -4*v = -2*x - 2*x + 336, -5*x = -2*v - 411. Suppose -182*l + 189 = 194*l - 355*l. What is the highest common factor of x and l?
9
Let w(x) = 2*x - 19. Let k be w(11). Suppose -k*u = -1328 + 197. Calculate the highest common factor of u and 13.
13
Let j be ((-80)/(-24))/(2/3). Suppose 4*o - 12 + 32 = 2*b, j*o = 2*b - 19. Let u be 21/14*32/6. Calculate the highest common divisor of u and b.
4
Let j(p) = 3*p. Let s be j(0). Suppose s = 19*o - 7*o - 504. What is the highest common divisor of 147 and o?
21
Let o = 1217 - -31. What is the greatest common factor of o and 1056?
96
Let c(z) = 3*z**2 - 28*z - 7. Let s be c(10). Let d = -226 + 434. Suppose d = -p + 5*p. What is the highest common factor of s and p?
13
Let a be (0 + 115/20)/(3/12). Suppose t + 5*i = a, 2*i = -4*t + 5*t - 16. What is the greatest common divisor of t and 144?
18
Let y(k) = -6*k - 18. Let j be y(-3). Suppose j = 2*z + 6*z. Suppose -i = -h + 26, -5*h + 0*h - 3*i + 162 = z. What is the greatest common factor of 15 and h?
15
Let c(m) = 574*m - 2500. Let u be c(5). Calculate the highest common divisor of u and 50.
10
Let o be 1/(-1 + (-1675)/420 + 5). Suppose 0 = -86*a + o*a + 54. What is the greatest common factor of a and 72?
9
Suppose 15*k = 14*k - 2*j + 84, 2*j + 100 = k. Suppose -6*a = -11*a. Let i = k - a. Calculate the highest common factor of i and 46.
46
Let x be (0 - 1) + ((-100)/(-5))/2. Suppose -13 = -4*c - x*c. Suppose -30 = -4*m + 2. Calculate the greatest common divisor of c and m.
1
Let f be (1 - (-1 - 1))*(-170)/6. Let o be 2*(-2)/12 + f/(-3). Let u be (9/(-12) - (-3 + 2))*o. Calculate the greatest common factor of u and 49.
7
Suppose -13*g + 3*n = -9*g - 110, 2 = -n. Let r(c) = c**2 - c + 26. Let t be r(0). What is the greatest common divisor of g and t?
26
Let i(n) = n**3 + 18*n**2 + 30*n + 45. Let r be i(-16). Suppose 0 = 12*f - r - 115. Calculate the greatest common factor of 24 and f.
8
Suppose 3*y + 9524 = 2*g - 6679, 0 = -2*g + 4*y + 16208. What is the greatest common divisor of g and 6?
6
Suppose -4322*h = -4302*h - 780. Suppose g - 2*q - 87 = 0, -4*q + 261 = 4*g - 111. Calculate the highest common divisor of g and h.
13
Let q be ((-17050)/(-40))/11 - 35/(-28). Let b = 135 - 95. Calculate the greatest common divisor of q and b.
40
Suppose 83431*t = 83434*t - 1530. What is the highest common factor of 20655 and t?
255
Let f(j) = 213*j + 2784. Let b be f(-13). Let h(g) = -6*g - 4. Let r be h(-4). Calculate the greatest common divisor of b and r.
5
Let s be (-6 + 1)*(-56)/70. Suppose s*n = 8*n - 16. Let a be ((-6)/n)/(27/(-72)). Calculate the greatest common factor of a and 44.
4
Suppose c - 2*u = 2, 2*u + 14 = -4*c - u. Let l be (-4)/20*-5 + (c - -2). What is the highest common divisor of l and 1?
1
Suppose -3*z - b = -4*b - 1359, 2*z = 4*b + 910. What is the greatest common factor of z and 121?
11
Suppose -7*t + 9303 = -11445. Suppose -20*z + 136 + t = 0. What is the greatest common factor of z and 5?
5
Suppose 936 + 1305 = -3*i. Let w = i + 350. Let x = w + 730. What is the highest common factor of 37 and x?
37
Let i = -403 + 585. Suppose -36*t + i = -22*t. What is the highest common divisor of 572 and t?
13
Let q be -7 - -7 - (-1)/(-1). Let l(y) = -122*y**3 - y**2. Let c be l(q). Let g = 2296 + -2285. What is the greatest common divisor of g and c?
11
Let l(k) = k**3 + 18*k**2 + k + 16. Let p be l(-18). Let f be p/(-7) + (-118080)/(-84) + -2. Calculate the greatest common factor of 12 and f.
12
Let m be (4 - -1)/(-10*1/(-2590)). What is the greatest common factor of m and 1015?
35
Suppose -i - 53 = 5*z, -9*i - 12 = 2*z - 4*i. Let u(r) = 4*r**2 + 2*r - 12. Let w be u(z). What is the greatest common divisor of 50 and w?
50
Let y be (4 + 110/(-25) - (-860)/150)*36. What is the highest common divisor of y and 56?
8
Let w = -20635 - -20669. What is the highest common divisor of w and 4811?
17
Let k(m) = -6*m - 18. Let q be k(-4). Suppose 0 = q*i - 2 - 22. Calculate the greatest common divisor of i and 108.
4
Let l be -7*(-10 + (-50830)/119). Calculate the greatest common factor of 595 and l.
85
Suppose 0 = 2*o + 3*u - 45, 0 = 2*o + 4*u - 12 - 30. Suppose 1470 + 825 = 5*r. What is the greatest common factor of r and o?
27
Suppose -227*y + 6487 + 1004 = 0. Calculate the highest common factor of y and 473.
11
Let n be (-455)/(-15) + (-178)/(-267